3 - 6*f**2 + 4*f - 1. Determine a(4).
-17
Let w(h) = -4*h + 25. Give w(8).
-7
Let y(u) = u**2 + 10*u + 5. Determine y(-7).
-16
Let x(j) = -j**3 - 3*j**2 - 3. Give x(-4).
13
Let h(d) = -d**3 - 11*d**2 - 9*d - 3. What is h(-9)?
-84
Let f(m) = -4*m + 32. Determine f(7).
4
Let x(g) = -2*g + 6. Determine x(9).
-12
Let l(s) = -s**2 - 3*s - 6. Determine l(-5).
-16
Let g(v) = v**2 - 6*v + 4. What is g(4)?
-4
Let l(a) = 2*a**2 + 93*a - 132. What is l(-48)?
12
Let i(w) = 20*w - 13. What is i(4)?
67
Let t(f) = -f**3 + 9*f**2 - f + 10. What is t(9)?
1
Let x(j) = j**2 + 17*j + 52. Determine x(-12).
-8
Let s(h) = -27*h + 83. Calculate s(3).
2
Let d(y) = -3*y + 1. Determine d(6).
-17
Let j(c) = c**2 - 5*c + 11. Determine j(5).
11
Let q(t) = t**2 - 9*t - 2. Give q(9).
-2
Let l(s) = 23*s - 4. Determine l(-2).
-50
Let c(i) = 2*i**3 - 8*i**2 + 2*i + 4. Determine c(3).
-8
Let z(o) = o**3 + o + 1. What is z(-3)?
-29
Let u(s) = -2*s**2 + 3*s + 3. Give u(6).
-51
Let f(m) = -2*m**3 - 13*m**2 - m + 10. Determine f(-6).
-20
Let z(k) = k**2 + 6*k + 1. Give z(-4).
-7
Let n(k) = k**3 - 6*k**2 + 2*k + 8. Give n(4).
-16
Let f(t) = 2*t**2 + 11*t. Calculate f(-4).
-12
Let f(s) = -s**3 - 10*s**2 - 7*s - 13. Give f(-4).
-81
Let y(q) = -3*q + 1. Calculate y(8).
-23
Let s(l) = -2*l**3 + 3*l**2 + 4*l - 3. What is s(4)?
-67
Let t(v) = -v**2 + 13*v - 7. What is t(10)?
23
Let i(x) = -x**3 - 22*x**2 + 19*x - 74. Give i(-23).
18
Let s(m) = m**2 - 9*m + 6. Determine s(8).
-2
Let f(i) = -7*i**2 + 4*i + 5. What is f(-2)?
-31
Let h(p) = -p**2 + 2*p + 66. Calculate h(-8).
-14
Let b(p) = 31*p + 5. Determine b(1).
36
Let x(u) = -2*u**2 - 18*u - 23. Determine x(-12).
-95
Let i(b) = b - 13. What is i(12)?
-1
Let k(f) = -8*f - 67. Determine k(-9).
5
Let u(b) = -15*b - 117. What is u(-11)?
48
Let d(j) = -3*j - 83. Calculate d(19).
-140
Let r(l) = -l**2 + 4*l + 6. What is r(4)?
6
Let o(g) = 8*g**3 + 2*g**2 + g. Give o(-1).
-7
Let g(d) = -3*d**2 + d - 4. Calculate g(-2).
-18
Let j(z) = -z**2 - 8*z + 10. Give j(-8).
10
Let b(v) = 35*v + 208. Calculate b(-6).
-2
Let k(h) = -5*h - 6. Give k(3).
-21
Let b(c) = -6*c**2 + c + 3. Give b(-3).
-54
Let i(g) = -9*g + 19. What is i(2)?
1
Let k(h) = 5*h + 26. What is k(-4)?
6
Let k(f) = -f + 2. Calculate k(-9).
11
Let c(r) = r**3 + 3*r**2 - 9*r + 19. Calculate c(-5).
14
Let i(v) = 10*v**2 + 2*v. Determine i(-2).
36
Let i(f) = -f**3 + 3*f**2 + 9*f - 11. What is i(5)?
-16
Let l(j) = j**2 - 7*j - 34. Calculate l(-5).
26
Let u(j) = j**2 - 21*j + 135. Determine u(12).
27
Let u(m) = m**2 - 9*m + 11. Calculate u(9).
11
Let u(g) = -g**3 + 3*g**2 + 5*g - 5. Calculate u(4).
-1
Let i(f) = -3*f**2 + 10*f - 3. Give i(4).
-11
Let r(b) = -b**2 - 9*b - 6. Give r(-9).
-6
Let p(i) = -32*i + 125. Calculate p(4).
-3
Let x(n) = -n**2 - 31*n + 949. Give x(19).
-1
Let f(g) = g**3 + 3*g**2 - 3*g + 1. Give f(1).
2
Let i(r) = -6*r - 63. Determine i(-12).
9
Let s(f) = 9*f + 2. What is s(-2)?
-16
Let d(h) = -6*h**2 + h - 3. What is d(-2)?
-29
Let o(y) = -y**2 + 10*y + 2. Give o(8).
18
Let m(o) = 2*o - 30. Determine m(11).
-8
Let s(r) = r**3 - 7*r**2 + r - 10. What is s(7)?
-3
Let c(z) = z**2 - 9*z + 4. Give c(7).
-10
Let v(u) = -u**2 + 6*u - 7. Determine v(6).
-7
Let p(r) = -12*r - 200. Calculate p(-18).
16
Let z(u) = 5*u + 22. Calculate z(-7).
-13
Let o(l) = -14*l + 14. Give o(1).
0
Let j(t) = -5*t**2 + 22*t - 21. Determine j(1).
-4
Let p(o) = 4*o - 8. What is p(8)?
24
Let q(a) = -a**3 + 25*a**2 - 24*a - 4. What is q(24)?
-4
Let b(w) = -4*w + 57. Give b(24).
-39
Let m(c) = -20*c**2 + 3*c - 1. Give m(1).
-18
Let b(h) = -h + 15. What is b(-6)?
21
Let p(m) = m**2 - 11*m - 12. Determine p(9).
-30
Let t(q) = -q**2 + 21*q + 28. Give t(21).
28
Let a(p) = 6*p - 25. Calculate a(6).
11
Let m(x) = 5*x - 29. What is m(8)?
11
Let a(z) = -2*z**3 + 18*z**2 + 13*z - 12. Give a(10).
-82
Let x(d) = -2*d**2 + 7*d. Give x(4).
-4
Let g(x) = x**2 + 35*x + 34. Determine g(-1).
0
Let c(f) = -f**2 + 14*f - 1. Calculate c(6).
47
Let k(v) = 18*v**2 - 3*v - 2. What is k(-1)?
19
Let r(g) = g**3 + 8*g**2 - 8*g - 17. What is r(-8)?
47
Let f(a) = -a**3 - 26*a**2 + 57*a + 32. What is f(-28)?
4
Let h(m) = -m**3 + 7*m**2 + 2*m - 8. Calculate h(8).
-56
Let p(s) = -s**3 + 8*s**2 - 8*s + 38. Give p(5).
73
Let o(j) = -j**3 - 2*j**2 + 6*j - 9. What is o(-4)?
-1
Let v(t) = -4*t**2 + 16*t + 35. Calculate v(-2).
-13
Let v(i) = 31*i + 343. Determine v(-11).
2
Let q(u) = 21*u - 9. What is q(1)?
12
Let g(l) = 20*l + 13. What is g(-5)?
-87
Let r(c) = 3*c - 44. Give r(5).
-29
Let f(y) = 3*y**2 - 1. Give f(1).
2
Let w(g) = -2*g**3 - 35*g**2 - 16*g + 17. Calculate w(-17).
0
Let o(w) = -w**3 - 13*w**2 + 15*w + 10. Calculate o(-14).
-4
Let v(t) = t**3 + 20*t**2 + 19*t + 4. Calculate v(-19).
4
Let f(m) = 2*m**3 - 3*m**2 + 3*m - 35. Calculate f(0).
-35
Let i(k) = 3*k**2 - 48*k - 3. Give i(16).
-3
Let o(u) = -40*u. Give o(-1).
40
Let o(x) = -x**2 + 22*x - 106. Calculate o(14).
6
Let p(x) = 4*x + 28. Give p(-17).
-40
Let w(i) = -27*i**2 + i - 2. Calculate w(1).
-28
Let d(w) = w**2 - 42. Calculate d(0).
-42
Let u(z) = -6*z**3 + 6*z + 6. Determine u(-3).
150
Let j(t) = t**2 + 28*t + 21. Give j(-27).
-6
Let h(a) = a**2 + 16*a + 5. Calculate h(-15).
-10
Let y(i) = -i**2 - 9*i + 17. Give y(-12).
-19
Let w(g) = g**3 + 6*g**2 + g - 4. Determine w(-6).
-10
Let p(b) = -b**2 + 15*b - 4. Determine p(14).
10
Let g(u) = -232*u**3 - 4*u**2 + 2. Give g(-1).
230
Let v(h) = 2*h - 60. Determine v(-17).
-94
Let v(q) = -234*q - 1164. What is v(-5)?
6
Let d(t) = t - 11. What is d(-14)?
-25
Let j(n) = 5*n**2 - 56*n + 5. Give j(11).
-6
Let v(d) = d - 2. Determine v(-3).
-5
Let l(g) = g**2 + 7*g + 9. Determine l(-4).
-3
Let r(j) = -25*j**2 - 2*j + 1. Give r(1).
-26
Let r(x) = -x**3 + 6*x**2 - 2*x + 4. What is r(4)?
28
Let c(n) = 10*n**2 + 1. Calculate c(-1).
11
Let g(n) = 11*n + 19. Calculate g(-7).
-58
Let u(q) = 37*q**2 - 2*q - 1. Calculate u(-1).
38
Let h(j) = j**3 + 7*j**2 + 12*j + 22. Determine h(-6).
-14
Let o(k) = k + 6. Determine o(-8).
-2
Let p(d) = d + 6. Calculate p(3).
9
Let a(h) = 4*h**3 + 3*h**2 + 2*h. Calculate a(-2).
-24
Let r(s) = -12*s**2 - 109*s - 3. Determine r(-9).
6
Let k(o) = o**2 + 55*o - 228. What is k(4)?
8
Let c(k) = 3*k**2 - 7*k + 5. Determine c(3).
11
Let w(o) = -o**2 - 9*o + 7. Calculate w(-6).
25
Let w(l) = -3*l**3 - 29*l**2 - 19*l - 10. Give w(-9).
-1
Let v(q) = -48*q + 24. Determine v(1).
-24
Let f(d) = 2*d - 36. Give f(7).
-22
Let u(n) = n**3 + n**2 - 6*n - 5. Determine u(-3).
-5
Let j(n) = -n**2 + 11*n - 7. Calculate j(7).
21
Let x(s) = -s**2 + 6*s + 8. Determine x(11).
-47
Let i(w) = 3*w - 21. Determine i(7).
0
Let t(f) = -7*f - 28. Determine t(-4).
0
Let b(g) = -g - 12. Give b(18).
-30
Let b(o) = 7*o. What is b(2)?
14
Let u(s) = s**3 + 8*s**2 + 6*s + 12. Give u(-8).
-36
Let i(s) = -s**3 - 4*s**2 + 5*s - 5. Calculate i(-5).
-5
Let o(n) = -6*n**2 + 5*n - 5. Give o(2).
-19
Let z(k) = 10*k - 83. What is z(10)?
17
Let d(u) = -u - 15. Determine d(-1).
-14
Let l(c) = c**2 + 16*c + 51. Calculate l(-13).
12
Let f(b) = 4*b + 14. What is f(-4)?
-2
Let c(h) = 118*h - 6. Give c(0).
-6
Let u(z) = -3*z**2 - 193*z - 255. Calculate u(-63).
-3
Let y(w) = w**3 + 11*w**2 - 14*w - 30. Determine y(-12).
-6
Let t(l) = l - 3. What is t(3)?
0
Let c(k) = -k - 10. Give c(-7).
-3
Let j(i) = 8*i**2 - 2*i + 1. Calculate j(3).
67
Let k(w) = 6*w + 74. Determine k(-11).
8
Let o(i) = 3*i + 19. What is o(-8)?
-5
Let u(c) = c**3 - 10*c**2 + 8*c - 12. What is u(9)?
-21
Let l(t) = -49*t - 8. Give l(1).
-57
Let m(u) = u**2 - 21*u - 10. What is m(19)?
-48
Let r(s) = s**3 - 3*s**2 + s + 3. What is r(3)?
6
Let d(o) = -19*o**2 + 3*o - 4. Give d(2).
-74
Let p(l) = l**2 - 8*l - 7. What is p(13)?
58
Let n(w) = w**2 + 4*w - 7. Determine n(-5).
-2
Let i(f) = -3*f**2 - 5*f + 7. Calculate i(3).
-35
Let s(u) = -u**2 - 8*u - 1. Give s(-8).
-1
Let q(d) = -d**2 + 15*d - 2. What is q(14)?
12
Let z(k) = 41*k + 106. Give z(-3).
-17
Let f(l) = l**3 - 17*l**2 + 15*l + 26. Determine f(16).
10
Let j(i) = -3*i**2 + 6*i + 10. Determine j(-3).
-35
Let x(a) = -3*a**2 + a - 9. Calculate x(5).
-79
Let i(a) = a**2 + 17*a - 113. What is i(5)?
-3
Let v(l) = 38*l**2 - 2*l + 1. What is v(1)?
37
Let l(j) = j**3 + 16*j**2 + 3*j + 15. Calculate l(-16).
-33
Let t(f) = f**2 - 3*f - 8. Give t(6).
10
L